{"version":"1.0","provider_name":"CityCharge","provider_url":"https:\/\/www.citycharge.eu\/de\/","author_name":"admin","author_url":"https:\/\/www.citycharge.eu\/de\/author\/admin\/","title":"Neue Ladelaternen in Arnheim - CityCharge","type":"rich","width":600,"height":338,"html":"<blockquote class=\"wp-embedded-content\" data-secret=\"QsmmDVcXRf\"><a href=\"https:\/\/www.citycharge.eu\/de\/neue-ladelaternen-in-arnheim\/\">Neue Ladelaternen in Arnheim<\/a><\/blockquote><iframe sandbox=\"allow-scripts\" security=\"restricted\" src=\"https:\/\/www.citycharge.eu\/de\/neue-ladelaternen-in-arnheim\/embed\/#?secret=QsmmDVcXRf\" width=\"600\" height=\"338\" title=\"&#8222;Neue Ladelaternen in Arnheim&#8220; &#8211; CityCharge\" data-secret=\"QsmmDVcXRf\" frameborder=\"0\" marginwidth=\"0\" marginheight=\"0\" scrolling=\"no\" class=\"wp-embedded-content\"><\/iframe><script>\n\/*! This file is auto-generated *\/\n!function(d,l){\"use strict\";l.querySelector&&d.addEventListener&&\"undefined\"!=typeof URL&&(d.wp=d.wp||{},d.wp.receiveEmbedMessage||(d.wp.receiveEmbedMessage=function(e){var t=e.data;if((t||t.secret||t.message||t.value)&&!\/[^a-zA-Z0-9]\/.test(t.secret)){for(var s,r,n,a=l.querySelectorAll('iframe[data-secret=\"'+t.secret+'\"]'),o=l.querySelectorAll('blockquote[data-secret=\"'+t.secret+'\"]'),c=new RegExp(\"^https?:$\",\"i\"),i=0;i<o.length;i++)o[i].style.display=\"none\";for(i=0;i<a.length;i++)s=a[i],e.source===s.contentWindow&&(s.removeAttribute(\"style\"),\"height\"===t.message?(1e3<(r=parseInt(t.value,10))?r=1e3:~~r<200&&(r=200),s.height=r):\"link\"===t.message&&(r=new URL(s.getAttribute(\"src\")),n=new URL(t.value),c.test(n.protocol))&&n.host===r.host&&l.activeElement===s&&(d.top.location.href=t.value))}},d.addEventListener(\"message\",d.wp.receiveEmbedMessage,!1),l.addEventListener(\"DOMContentLoaded\",function(){for(var e,t,s=l.querySelectorAll(\"iframe.wp-embedded-content\"),r=0;r<s.length;r++)(t=(e=s[r]).getAttribute(\"data-secret\"))||(t=Math.random().toString(36).substring(2,12),e.src+=\"#?secret=\"+t,e.setAttribute(\"data-secret\",t)),e.contentWindow.postMessage({message:\"ready\",secret:t},\"*\")},!1)))}(window,document);\n\/\/# sourceURL=https:\/\/www.citycharge.eu\/wp-includes\/js\/wp-embed.min.js\n<\/script>\n","thumbnail_url":"https:\/\/www.citycharge.eu\/wp-content\/uploads\/2022\/12\/ev-electric-car-pluged-charging-at-a-recharge-stat-2023-11-27-04-50-33-utc-scaled.jpg","thumbnail_width":2560,"thumbnail_height":1707,"description":"Arnheim wird ab 2023 etwa 150 zus\u00e4tzliche Ladelaternenmasten erhalten. Die neuen Viertel von Arnheim; Schuytgraaf, das Stadhouderskwartier und das Blauwe Golven werden \u00fcber Standard-Ladestationen f\u00fcr Elektroautos verf\u00fcgen, die in einen Laternenpfahl integriert sind. Die Ausschreibung f\u00fcr den Bau von rund 150 Ladelaternen wird durch ein Konsortium von Dutch Charge, n\u00e4mlich Heijmans Emobility und Primevest Capital [&hellip;]"}

Arnheim wird ab 2023 etwa 150 zusätzliche Ladelaternenmasten erhalten. Die neuen Viertel von Arnheim; Schuytgraaf, das Stadhouderskwartier und das Blauwe Golven werden über Standard-Ladestationen für Elektroautos verfügen, die in einen Laternenpfahl integriert sind. Die Ausschreibung für den Bau von rund 150 Ladelaternen wird durch ein Konsortium von Dutch Charge, nämlich Heijmans Emobility und Primevest Capital [&hellip;]
